et j(z) = 2*z**2 + 19*z + 139. What is the remainder when j(-11) is divided by 13?
3
Let i = 16 + 9. Let k = i + 9. What is the remainder when k is divided by 12?
10
Let g(i) = -2*i + 5. Let b(u) = -u**2 - 13*u - 33. Let a be b(-17). Let m = 165 + a. What is the remainder when m is divided by g(-4)?
12
Let g(n) = 37*n + 97. Calculate the remainder when 317 is divided by g(-2).
18
Let i = -1591 - -1652. Let j(o) = -2*o**3 - o**2 + o - 1. Calculate the remainder when i is divided by j(-2).
7
Let s be (-51)/15 + 4/10. Calculate the remainder when 57 is divided by 1 - (0 + s) - -16.
17
Let h = 1993 + -1388. What is the remainder when h is divided by 61?
56
Suppose 2*z = -241 + 267. Calculate the remainder when 8380/110 - 4/22 is divided by z.
11
Suppose -w + 206 = 5*l, 56*w - l = 60*w - 729. Calculate the remainder when w is divided by 92.
89
Let c = -12 - -29. What is the remainder when c is divided by 5 - 0 - (-3 - -1)/2?
5
Let b = -958 + 960. What is the remainder when b is divided by 2?
0
Suppose 6*y - 166 - 212 = 0. What is the remainder when y is divided by 33?
30
Suppose -16*s = -11*s - 145. Suppose 0 = -3*q - 67 - 152. Let c = 42 - q. Calculate the remainder when c is divided by s.
28
Let z(s) = s**2 + 2*s + 2. Let u be 6/((-5 + 13)/4). Suppose v = u*v - 18. Calculate the remainder when z(-6) is divided by v.
8
Let q = -27 - -54. Let s = 608 + -602. Calculate the remainder when q is divided by s.
3
Let f = 264 - 99. Calculate the remainder when f is divided by 21.
18
Let d(v) = -v**3 - 11*v**2 - v - 8. Let o be d(-11). Suppose 23 = 2*f + o*b, -5*f - 11 = 3*b - 73. What is the remainder when f is divided by 15/(-20)*-1*2*2?
1
What is the remainder when 191 is divided by -8*(-15)/70*(-224)/(-12)?
31
Suppose 5206 = 64*k + 918. Calculate the remainder when k is divided by 24.
19
What is the remainder when (-288)/(-81)*(-63)/(-14) is divided by 5?
1
Let b(m) = -84*m - 51. Calculate the remainder when b(-2) is divided by 31.
24
Let u = 475 + -374. Calculate the remainder when u is divided by 26.
23
Suppose 4*t + 93 = 417. Let l = t - 68. Calculate the remainder when (0 + 16)/(2/3) is divided by l.
11
Let j(a) = -4*a**2 + 28*a + 4. Calculate the remainder when 10 is divided by j(7).
2
Let t be 3/2*(-276)/9. Let p = t + 78. Suppose -3*r + 48 + 153 = -5*u, 2*r - 5*u - 139 = 0. Calculate the remainder when r is divided by p.
30
Calculate the remainder when 85 is divided by 8 - 11 - (-2 - (1 + 46)).
39
Suppose -3*m + 184 = 1. Suppose 46 = 5*d - b - 12, -5*d + 2*b = -m. What is the remainder when 19 is divided by d?
8
Let z(f) = -f**3 + 39*f**2 - 2*f + 100. What is the remainder when 215 is divided by z(39)?
17
Suppose 9*m = 8*m + 51. Suppose 0*f + m = f. What is the remainder when f is divided by 26?
25
Suppose -3*p + 41 = -a + 13, p - 2*a = 11. Suppose -26 = -5*m + p. What is the remainder when -27*20/45*9/(-6) is divided by m?
4
Let p = 16 + -4. Suppose 0 = p*r - 6*r - 246. What is the remainder when 79 is divided by r?
38
Suppose 69*d - 1221 = -393. What is the remainder when 224 is divided by d?
8
Let f(d) = -4*d - 7*d + 6*d - 1 - 36. Calculate the remainder when 74 is divided by f(-10).
9
Let w(s) = -3*s**3 + s**2 + 2*s. Let i(t) = 8*t**3 - 2*t**2 - 6*t + 1. Let z(m) = 4*i(m) + 11*w(m). Calculate the remainder when z(-3) is divided by 34.
30
Let s(b) = -b**2 - 7*b - 1. Let f be ((-69)/6 + 3)*-20. Suppose -f = -y - 4*y. What is the remainder when y is divided by s(-5)?
7
Suppose -3*o + 87 = -7*b + 4*b, 58 = 2*o + b. Suppose t - 3*t + 114 = 0. What is the remainder when t is divided by o?
28
Suppose 2*r = 0, -2*b + 6*r = 3*r + 16. What is the remainder when 10/b*(-96 - (-12)/3) is divided by 39?
37
Let x = -8 + 18. Let w = 33 + -28. Suppose 0 = -0*g + w*g - 195. What is the remainder when g is divided by x?
9
Let d(y) = y**3 + 0*y + y + 3 + 49. Let x be d(0). Suppose 5*o - 7*o = -x. Calculate the remainder when o is divided by 9.
8
Suppose -3*z + 35 = -5*d, -2*z - 3*d = 3*z - 13. Let p(r) = -10*r. Calculate the remainder when p(-1) is divided by z.
0
Suppose 23*h = 26*h - 990. Calculate the remainder when 20 is divided by (-4)/(-38) - h/(-114).
2
Let f = 323 - 245. What is the remainder when f is divided by 41?
37
Let y(g) = 17*g**2 - 9*g - 10. What is the remainder when y(3) is divided by 22?
6
Let f(a) = 19*a + 52. What is the remainder when f(9) is divided by 15?
13
Let d be 100/45 + (-6)/27. Suppose 0*z = x + d*z - 107, x + z - 105 = 0. Calculate the remainder when x is divided by 23.
11
Let q be 14*-1*(-1 - 0). Suppose -2*c - q = -78. What is the remainder when c is divided by ((-76)/(-8) + -4)*2?
10
Suppose h + 2 = 3*z, -3 = -4*z + 5. Suppose -h*v + 64 = 8. Calculate the remainder when 68 is divided by v.
12
Suppose 4*t + h - 238 = -26, -3*t + 148 = -2*h. What is the remainder when t is divided by 6/4*(1 + (-78)/(-18))?
4
Let f = -19 + 20. Let u = f - -87. What is the remainder when u is divided by 23?
19
Suppose f - 19 = -x + 3, -88 = -4*x + 2*f. What is the remainder when x is divided by 7?
1
Let m = -34 - -68. Suppose -4*k + h = 2*h - 68, -2*k - 3*h + m = 0. What is the remainder when 50 is divided by k?
16
Let h(s) = 4*s. Suppose -j - 20 = -5*j. Calculate the remainder when h(2) is divided by 8 + 0 + (-10)/j.
2
Let w = -657 + 731. What is the remainder when 221 is divided by w?
73
Suppose 2*o + 3 - 9 = 0. Let u(f) = f + 15. Suppose 4*c - 2*c = 2*h - 10, 4*c + 4*h + 44 = 0. What is the remainder when u(c) is divided by o?
1
What is the remainder when 132005/102*1 + (-1)/6 is divided by 72?
70
Suppose -3*c - 15*c + 594 = 0. Calculate the remainder when 127 is divided by c.
28
Suppose -3*b - 2 = -4*p + 3, 15 = 4*p - b. Suppose s - 15 = 4*z, -6 = -s - 0*s - p*z. Calculate the remainder when 29 is divided by s.
7
Suppose 3*d - 5*b = -25, 2*d + 2*b = 7*b - 25. Suppose 84 = 3*l - d*l. What is the remainder when l is divided by 11?
6
Let c = -168 - -199. Calculate the remainder when 113 is divided by c.
20
Let t be 2/(-2) - -6*(-6)/(-12). Suppose x = t*o - 88, 3*o - 2*o - 2*x = 50. What is the remainder when o is divided by 9?
6
Let q(z) = 4*z**2 + 6*z + 7. Let k be q(-2). Suppose -k*o - 86 = -12*o. Calculate the remainder when o is divided by 15.
11
Let l = 31 + -22. Let b be (-36)/l + 2 + 190. Suppose i - 5*i + b = 0. What is the remainder when i is divided by 17?
13
Let h = 36 + -28. Suppose 4*u - 212 = -4*o, 0 = -3*u + h*u - 5. What is the remainder when o is divided by 11?
8
Suppose 3*n - 48 = -3*n. Let o be ((-156)/n)/(2/(-4)). Let y = -22 + o. Calculate the remainder when 65 is divided by y.
14
What is the remainder when 105 is divided by 6 - (-2 - 14 - 5)?
24
Suppose 2*d + 3*d - 4*f - 35 = 0, -5*f = -d - 14. Let w = 125 + -93. Let k = w + 8. Calculate the remainder when k is divided by d.
7
Suppose 3*a = -9, -4*a + 53 = 4*n + a. Let p = 25 - 25. Suppose s + 2*y + 15 - 34 = p, 3*s - 107 = 4*y. Calculate the remainder when s is divided by n.
12
Suppose -4*j + 4 = 4*f, 3*j = 4*j - 5*f - 25. Suppose 4*o + 0*o = -3*l, 4*l - j*o = 31. What is the remainder when 17 is divided by l?
1
Suppose 5*b + 4*k = 312, -3*k - 162 = -5*b + 164. Calculate the remainder when 308 is divided by b.
52
Let k(x) = x + 9. Let r be k(-6). Suppose 5*g - z = 58, -2*z - 42 = -r*g + z. Calculate the remainder when 30 is divided by g.
8
Suppose -y = 2*a + 2*a - 90, -y = 5*a - 112. Calculate the remainder when 172 is divided by a.
18
Calculate the remainder when 33 is divided by (-1 - -2)/(-7 + 320/45).
6
Let i(q) = -10*q + 24. Let z(k) = 7*k - 16. Let o(f) = 5*i(f) + 7*z(f). Let p be o(7). Suppose -w + 9 = -p. Calculate the remainder when w is divided by 7.
3
Let j be (-6)/14 + (-62)/(-14). Suppose -j*c - 2*w = -56, 4*c - 12 - 28 = 2*w. Let n = c - -5. Calculate the remainder when n is divided by 5.
2
Let i(n) = n**3 + 10*n**2 - n - 5. Let a(f) = f + 8. Let r be 174/12 + 2/4. What is the remainder when a(r) is divided by i(-10)?
3
Let s be (-1 - -2) + 2 - -3. Suppose -t = -s*t + 335. Let c = 96 - t. Calculate the remainder when c is divided by 10.
9
Let z(w) = -23*w**3 - 5*w**2 - 9*w - 2. What is the remainder when z(-2) is divided by 46?
42
Let g(v) = -3*v**2 + v + 1. Let z be g(2). Suppose 116 = -5*t - 4*d, 0 = -4*t + 3*t + 5*d. Let y = z - t. What is the remaind